{"id":1409,"date":"2020-02-19T11:43:31","date_gmt":"2020-02-19T11:43:31","guid":{"rendered":"https:\/\/wp.ambulatorioveterinarioschiavi.com\/?page_id=1409"},"modified":"2022-02-06T10:45:38","modified_gmt":"2022-02-06T10:45:38","slug":"ortopedia-e-artroscopia","status":"publish","type":"page","link":"https:\/\/ambulatorioveterinarioschiavi.com\/index.php\/ortopedia-e-artroscopia\/","title":{"rendered":"Ortopedia e Artroscopia"},"content":{"rendered":"<p>[vc_row css_animation=&#8221;slideInUp&#8221;][vc_column width=&#8221;1\/2&#8243;][vc_column_text]<\/p>\n<p style=\"text-align: right;\"><span style=\"font-size: 14pt;\">L\u2019ortopedia si occupa della prevenzione e cura delle malformazioni congenite e acquisite dell\u2019apparato locomotore. La\u00a0<strong>VISITA CLINICA ORTOPEDICA<\/strong>\u00a0si avvale nella maggioranza dei casi di un\u2019indagine radiografica con paziente in sedazione profonda o in anestesia generale, al fine di ottenere un rilassamento muscolare adeguato a valutare correttamente le articolazioni e i segmenti ossei.<\/span><\/p>\n<p style=\"text-align: right;\"><span style=\"font-size: 14pt;\"><strong>PREVENZIONE: <\/strong><\/span><span style=\"font-size: 14pt;\">Nel cucciolo di cane di taglia grande o gigante la diagnosi precoce della displasia \u00e8 indispensabile per intercettare tempestivamente tale patologia, che pu\u00f2 essere molto invalidante per la vita del cane a causa del danno articolare che essa determina. Pi\u00f9 precoce \u00e8 la diagnosi, pi\u00f9 ampie sono le possibilit\u00e0 terapeutiche e migliore \u00e8 la prognosi.<\/span><\/p>\n<p>[\/vc_column_text][\/vc_column][vc_column width=&#8221;1\/2&#8243;][vc_empty_space alter_height=&#8221;medium&#8221; hide_on_mobile=&#8221;&#8221;][vc_single_image image=&#8221;1738&#8243; img_size=&#8221;large&#8221;][\/vc_column][\/vc_row][vc_row][vc_column][vc_empty_space alter_height=&#8221;large&#8221; hide_on_mobile=&#8221;&#8221;][\/vc_column][\/vc_row][vc_row full_width=&#8221;stretch_row&#8221; css=&#8221;.vc_custom_1582122646309{background-color: #f5f5f5 !important;}&#8221;][vc_column][vc_empty_space alter_height=&#8221;medium&#8221; hide_on_mobile=&#8221;&#8221;][\/vc_column][vc_column width=&#8221;2\/3&#8243;][vc_column_text]<\/p>\n<p class=\"p1\"><em><span style=\"font-size: 14pt;\"><b>Nella nostra struttura \u00e8 possibile eseguire lo studio radiografico ufficiale\u00a0FSA (Fondazione Salute Animale) per la DISPLASIA DELL\u2019ANCA E DEL GOMITO e per la LUSSAZIONE DI ROTULA<\/b><\/span><\/em><\/p>\n<p>[\/vc_column_text][\/vc_column][vc_column width=&#8221;1\/3&#8243;][vc_btn title=&#8221;SCOPRI DI PI\u00f9&#8221; color=&#8221;success&#8221; link=&#8221;url:https%3A%2F%2Fwww.fondazionesaluteanimale.it%2Fobiettivi.html||target:%20_blank|&#8221;][\/vc_column][vc_column][vc_empty_space alter_height=&#8221;medium&#8221; hide_on_mobile=&#8221;&#8221;][\/vc_column][\/vc_row][vc_row][vc_column][vc_empty_space alter_height=&#8221;small&#8221; hide_on_mobile=&#8221;&#8221;][\/vc_column][\/vc_row][vc_row css_animation=&#8221;slideInUp&#8221;][vc_column][vc_custom_heading text=&#8221;TRAUMATOLOGIA:&#8221; font_container=&#8221;tag:h3|text_align:left&#8221; google_fonts=&#8221;font_family:Roboto%3A100%2C100italic%2C300%2C300italic%2Cregular%2Citalic%2C500%2C500italic%2C700%2C700italic%2C900%2C900italic|font_style:400%20regular%3A400%3Anormal&#8221;][vc_column_text]<\/p>\n<p class=\"\"><span style=\"font-size: 12pt;\">Le fratture vengono trattate, nell\u2019ottica della scelta pi\u00f9 opportuna per ogni caso clinico, con mezzi all\u2019avanguardia e tecniche sempre aggiornate di fissazione interna (FIx-In, AO) ed esterna (fissazione esterna, Ilizarov). \u00a0<\/span><\/p>\n<p>&nbsp;<\/p>\n<p class=\"\"><span style=\"font-size: 12pt;\">Le patologie che trattiamo piu\u2019 frequentemente sono:<\/span><\/p>\n<p>&nbsp;<\/p>\n<ul>\n<li class=\"\"><span style=\"font-size: 12pt;\">SPALLA: OCD, lussazione, lassita\u2019 articolare<\/span><\/li>\n<li class=\"\"><span style=\"font-size: 12pt;\">GOMITO: incongrunza omero-radioulnare, OCD ,FCP, UAP , incompleta ossificazione del condilo omerale,\u00a0<\/span><\/li>\n<li class=\"\"><span style=\"font-size: 12pt;\">ANCA: displasia (sinfisiodesi pubica, DPO, PROTESI), necrosi asettica della testa del femore, lussazione d\u2019anca traumatica<\/span><\/li>\n<li class=\"\"><span style=\"font-size: 12pt;\">GINOCCHIO: lussazione della rotula, rottura del legamento crociato (TPLO, TTA), OCD<\/span><\/li>\n<li class=\"\"><span style=\"font-size: 12pt;\">GARRETTO: OCD, avulsione gstrocnemio<\/span><\/li>\n<li class=\"\"><span style=\"font-size: 12pt;\">RIALLINEAMENTI (deviazioni assiali degli arti)<\/span><\/li>\n<li class=\"\"><span style=\"font-size: 12pt;\">FRATTURE e DISTACCHI EPIFISARI<\/span><\/li>\n<li class=\"\"><span style=\"font-size: 12pt;\">ARTRODESI<\/span><\/li>\n<\/ul>\n<p>[\/vc_column_text][\/vc_column][\/vc_row][vc_row][vc_column][vc_empty_space alter_height=&#8221;medium&#8221; hide_on_mobile=&#8221;&#8221;][\/vc_column][\/vc_row][vc_row css_animation=&#8221;slideInUp&#8221;][vc_column][vc_custom_heading text=&#8221;ARTROSCOPIA:&#8221; font_container=&#8221;tag:h3|text_align:left&#8221; google_fonts=&#8221;font_family:Roboto%3A100%2C100italic%2C300%2C300italic%2Cregular%2Citalic%2C500%2C500italic%2C700%2C700italic%2C900%2C900italic|font_style:400%20regular%3A400%3Anormal&#8221;][vc_column_text]<\/p>\n<p class=\"\"><span style=\"font-size: 14pt;\">L&#8217;ARTROSCOPIA \u00e8 una tecnica chirurgica mini-invasiva che, attraverso l\u2019impiego di una telecamera e di un sistema a fibre ottiche, permette di ispezionare nel dettaglio l&#8217;interno dell&#8217;articolazione. L\u2019artroscopia prevede due mini-accessi (per l&#8217;ingresso dell&#8217;ottica e degli altri stumenti), quindi un approccio chirurgico meno traumatico per il paziente rispetto alla chirurgia tradizionale, riducendo i rischi di infezione e consentendo un pi\u00f9 rapido recupero funzionale. L&#8217;artroscopia rappresenta pertanto una tecnica innovativa in campo ortopedico veterinario, per la diagnosi e il trattamento di numerose patologie.\u00a0<\/span><\/p>\n<p class=\"\"><span style=\"font-size: 14pt;\">Ci avvaliamo della collaborazione dei professionisti ORTOVET :<a class=\"\" href=\"http:\/\/www.ortovet.org\/it\/\" target=\"_blank\" rel=\"noopener noreferrer\">\u00a0http:\/\/www.ortovet.org\/it\/<\/a><\/span><\/p>\n<p>[\/vc_column_text][vc_single_image image=&#8221;1415&#8243; img_size=&#8221;large&#8221; alignment=&#8221;center&#8221;][\/vc_column][\/vc_row][vc_row][vc_column][vc_empty_space alter_height=&#8221;small&#8221; hide_on_mobile=&#8221;&#8221;][vc_single_image image=&#8221;1696&#8243; img_size=&#8221;large&#8221; alignment=&#8221;center&#8221;][\/vc_column][\/vc_row]<\/p>\n","protected":false},"excerpt":{"rendered":"<p>[vc_row css_animation=&#8221;slideInUp&#8221;][vc_column width=&#8221;1\/2&#8243;][vc_column_text] L\u2019ortopedia si occupa della prevenzione e cura delle malformazioni congenite e acquisite dell\u2019apparato locomotore. La\u00a0VISITA CLINICA ORTOPEDICA\u00a0si avvale nella maggioranza dei casi di un\u2019indagine radiografica con paziente in sedazione profonda o in anestesia generale, al fine di ottenere un rilassamento muscolare adeguato a valutare correttamente le articolazioni e i segmenti ossei. PREVENZIONE: Nel cucciolo di cane di&hellip;<\/p>\n","protected":false},"author":1,"featured_media":1786,"parent":0,"menu_order":0,"comment_status":"closed","ping_status":"closed","template":"","meta":{"footnotes":""},"class_list":["post-1409","page","type-page","status-publish","has-post-thumbnail","hentry"],"yoast_head":"<!-- This site is optimized with the Yoast SEO plugin v15.8 - https:\/\/yoast.com\/wordpress\/plugins\/seo\/ -->\n<title>Ortopedia e Artroscopia - Ambulatorio Veterinario Schiavi<\/title>\n<meta name=\"robots\" content=\"index, follow, max-snippet:-1, max-image-preview:large, max-video-preview:-1\" \/>\n<link rel=\"canonical\" href=\"https:\/\/ambulatorioveterinarioschiavi.com\/index.php\/ortopedia-e-artroscopia\/\" \/>\n<meta property=\"og:locale\" content=\"it_IT\" \/>\n<meta property=\"og:type\" content=\"article\" \/>\n<meta property=\"og:title\" content=\"Ortopedia e Artroscopia - Ambulatorio Veterinario Schiavi\" \/>\n<meta property=\"og:description\" content=\"[vc_row css_animation=&#8221;slideInUp&#8221;][vc_column width=&#8221;1\/2&#8243;][vc_column_text] L\u2019ortopedia si occupa della prevenzione e cura delle malformazioni congenite e acquisite dell\u2019apparato locomotore. La\u00a0VISITA CLINICA ORTOPEDICA\u00a0si avvale nella maggioranza dei casi di un\u2019indagine radiografica con paziente in sedazione profonda o in anestesia generale, al fine di ottenere un rilassamento muscolare adeguato a valutare correttamente le articolazioni e i segmenti ossei. PREVENZIONE: Nel cucciolo di cane di&hellip;\" \/>\n<meta property=\"og:url\" content=\"https:\/\/ambulatorioveterinarioschiavi.com\/index.php\/ortopedia-e-artroscopia\/\" \/>\n<meta property=\"og:site_name\" content=\"Ambulatorio Veterinario Schiavi\" \/>\n<meta property=\"article:publisher\" content=\"https:\/\/www.facebook.com\/Ambulatorio-Veterinario-Schiavi-645695685561947\/?fref=ts\" \/>\n<meta property=\"article:modified_time\" content=\"2022-02-06T10:45:38+00:00\" \/>\n<meta property=\"og:image\" content=\"https:\/\/ambulatorioveterinarioschiavi.com\/wp-content\/uploads\/2020\/03\/Ortopedia-verde.jpg\" \/>\n\t<meta property=\"og:image:width\" content=\"600\" \/>\n\t<meta property=\"og:image:height\" content=\"600\" \/>\n<meta name=\"twitter:card\" content=\"summary_large_image\" \/>\n<meta name=\"twitter:label1\" content=\"Tempo di lettura stimato\">\n\t<meta name=\"twitter:data1\" content=\"2 minuti\">\n<script type=\"application\/ld+json\" class=\"yoast-schema-graph\">{\"@context\":\"https:\/\/schema.org\",\"@graph\":[{\"@type\":\"WebSite\",\"@id\":\"https:\/\/ambulatorioveterinarioschiavi.com\/#website\",\"url\":\"https:\/\/ambulatorioveterinarioschiavi.com\/\",\"name\":\"Ambulatorio Veterinario Schiavi\",\"description\":\"\",\"potentialAction\":[{\"@type\":\"SearchAction\",\"target\":\"https:\/\/ambulatorioveterinarioschiavi.com\/?s={search_term_string}\",\"query-input\":\"required name=search_term_string\"}],\"inLanguage\":\"it-IT\"},{\"@type\":\"ImageObject\",\"@id\":\"https:\/\/ambulatorioveterinarioschiavi.com\/index.php\/ortopedia-e-artroscopia\/#primaryimage\",\"inLanguage\":\"it-IT\",\"url\":\"https:\/\/ambulatorioveterinarioschiavi.com\/wp-content\/uploads\/2020\/03\/Ortopedia-verde.jpg\",\"width\":600,\"height\":600},{\"@type\":\"WebPage\",\"@id\":\"https:\/\/ambulatorioveterinarioschiavi.com\/index.php\/ortopedia-e-artroscopia\/#webpage\",\"url\":\"https:\/\/ambulatorioveterinarioschiavi.com\/index.php\/ortopedia-e-artroscopia\/\",\"name\":\"Ortopedia e Artroscopia - Ambulatorio Veterinario Schiavi\",\"isPartOf\":{\"@id\":\"https:\/\/ambulatorioveterinarioschiavi.com\/#website\"},\"primaryImageOfPage\":{\"@id\":\"https:\/\/ambulatorioveterinarioschiavi.com\/index.php\/ortopedia-e-artroscopia\/#primaryimage\"},\"datePublished\":\"2020-02-19T11:43:31+00:00\",\"dateModified\":\"2022-02-06T10:45:38+00:00\",\"breadcrumb\":{\"@id\":\"https:\/\/ambulatorioveterinarioschiavi.com\/index.php\/ortopedia-e-artroscopia\/#breadcrumb\"},\"inLanguage\":\"it-IT\",\"potentialAction\":[{\"@type\":\"ReadAction\",\"target\":[\"https:\/\/ambulatorioveterinarioschiavi.com\/index.php\/ortopedia-e-artroscopia\/\"]}]},{\"@type\":\"BreadcrumbList\",\"@id\":\"https:\/\/ambulatorioveterinarioschiavi.com\/index.php\/ortopedia-e-artroscopia\/#breadcrumb\",\"itemListElement\":[{\"@type\":\"ListItem\",\"position\":1,\"item\":{\"@type\":\"WebPage\",\"@id\":\"https:\/\/ambulatorioveterinarioschiavi.com\/\",\"url\":\"https:\/\/ambulatorioveterinarioschiavi.com\/\",\"name\":\"Home\"}},{\"@type\":\"ListItem\",\"position\":2,\"item\":{\"@type\":\"WebPage\",\"@id\":\"https:\/\/ambulatorioveterinarioschiavi.com\/index.php\/ortopedia-e-artroscopia\/\",\"url\":\"https:\/\/ambulatorioveterinarioschiavi.com\/index.php\/ortopedia-e-artroscopia\/\",\"name\":\"Ortopedia e Artroscopia\"}}]}]}<\/script>\n<!-- \/ Yoast SEO plugin. -->","_links":{"self":[{"href":"https:\/\/ambulatorioveterinarioschiavi.com\/index.php\/wp-json\/wp\/v2\/pages\/1409","targetHints":{"allow":["GET"]}}],"collection":[{"href":"https:\/\/ambulatorioveterinarioschiavi.com\/index.php\/wp-json\/wp\/v2\/pages"}],"about":[{"href":"https:\/\/ambulatorioveterinarioschiavi.com\/index.php\/wp-json\/wp\/v2\/types\/page"}],"author":[{"embeddable":true,"href":"https:\/\/ambulatorioveterinarioschiavi.com\/index.php\/wp-json\/wp\/v2\/users\/1"}],"replies":[{"embeddable":true,"href":"https:\/\/ambulatorioveterinarioschiavi.com\/index.php\/wp-json\/wp\/v2\/comments?post=1409"}],"version-history":[{"count":15,"href":"https:\/\/ambulatorioveterinarioschiavi.com\/index.php\/wp-json\/wp\/v2\/pages\/1409\/revisions"}],"predecessor-version":[{"id":1926,"href":"https:\/\/ambulatorioveterinarioschiavi.com\/index.php\/wp-json\/wp\/v2\/pages\/1409\/revisions\/1926"}],"wp:featuredmedia":[{"embeddable":true,"href":"https:\/\/ambulatorioveterinarioschiavi.com\/index.php\/wp-json\/wp\/v2\/media\/1786"}],"wp:attachment":[{"href":"https:\/\/ambulatorioveterinarioschiavi.com\/index.php\/wp-json\/wp\/v2\/media?parent=1409"}],"curies":[{"name":"wp","href":"https:\/\/api.w.org\/{rel}","templated":true}]}}